 derivative of 0 + 529/6*b**3 - 8*b + 2*b**2. Is d(1) composite?
True
Let g = -2152 - -6459. Is g composite?
True
Let z be 3 - 4*-58*2/16. Suppose 22738 = 34*x - z*x. Is x a prime number?
True
Let y(o) be the second derivative of 604*o**3 - o**2/2 - 46*o. Is y(2) composite?
False
Let o(w) = 425*w**2 - 3*w + 2. Let f be (30/(-18))/(5/(-3)). Let v be o(f). Suppose l - 441 - v = 0. Is l a prime number?
False
Is 884530 + 451/66 + 2*4/48 prime?
True
Let o(v) = v**2 + 12*v + 37. Let x be o(-7). Suppose -6771 - 2297 = -x*i. Is i a composite number?
True
Let m = 61 - 51. Suppose -b + 5335 = -2*v, 26662 = -m*b + 15*b + 3*v. Is b a composite number?
False
Let v(c) = 396*c**2 - 1. Let j(q) = q**3 + 20*q**2 + 19*q + 3. Let g be j(-19). Suppose 3*t + 2*h = -4 - 1, -4 = t + g*h. Is v(t) composite?
True
Suppose -38219 = -11*t + 1304. Is t a composite number?
False
Let t(j) = -2*j**3 + 16*j + 9. Let m be 34/153 - (-2338)/9. Let y be (-1)/6 + (m/(-24) - -4). Is t(y) a prime number?
False
Suppose -4 = 3*r - r + 2*z, -3*z = -2*r + 16. Suppose 0 = -r*b - 0*a - 2*a - 2, 0 = b + 4*a + 10. Is (-4)/b + 789/(-3 - -4) a prime number?
True
Let d(v) = 6277*v + 598. Is d(9) composite?
True
Let a(f) = -17 + 0 - f**2 + 2*f**2. Let w = 3189 + -3211. Is a(w) a composite number?
False
Let v(w) = -182828*w + 39. Is v(-1) a prime number?
True
Suppose i - 243 = -4*g, 5*i + 52 = g + 7*i. Suppose 5*h = 2*q - 2830, -g*q + 57*q + 7013 = 3*h. Is q prime?
False
Suppose 5*c + 44650 = -2*l + l, 35720 = -4*c + 2*l. Let n = -4866 - c. Let g = n - 2805. Is g composite?
False
Let n be 5 - -2 - (1 + 0). Let k = -4 + n. Let f(l) = 211*l - 11. Is f(k) prime?
False
Let c = -2217 - -3445. Let f(x) = 2*x**2 + 21*x - 1. Let j be f(16). Let s = c - j. Is s composite?
True
Suppose 3*l + 3*c + 1397 = -2068, 5*c + 2325 = -2*l. Let h = 1534 - l. Suppose -4*j = -4*v + h, -v + 671 = -0*v + 4*j. Is v a composite number?
True
Suppose -45*y = -51*y + 411035 + 12523. Is y a composite number?
True
Let l = 86949 - 3638. Is l a prime number?
True
Is 15/(-3)*(436336/64)/(10/(-8)) a composite number?
False
Let i = 24038 + -12261. Is i composite?
False
Let a(p) = 17*p - 15*p**2 + p**3 - 29 - 3*p**3 + 3*p**3 + 12*p. Is a(16) a prime number?
True
Suppose -3*d + u - 5*u + 63715 = 0, 42472 = 2*d + 5*u. Is d composite?
True
Let y(f) = -27945*f - 6889. Is y(-6) composite?
False
Let b(c) = -c**2 - 7*c - 10. Let a be b(-4). Suppose -5*v + 4783 = -2*u, -a*v + 0*u = u - 1906. Is v prime?
False
Let u(h) = 2326*h + 2969. Is u(27) composite?
True
Let i be 95481*3/(-12) - (-6)/(-8). Let m = i + 40406. Is m composite?
True
Let z(y) = y**2 + y - 1. Let m(v) = -4*v**2 - 15*v + 4. Let g(s) = -m(s) - 5*z(s). Is g(4) a composite number?
True
Suppose 88*a - 87*a = 4*k + 7579, -3*k + 37803 = 5*a. Is a prime?
False
Is (-1597)/((-6)/(-12)*(-18)/117) a composite number?
True
Suppose -3*b + 3*i + 42180 = 0, -1072 = -3*b - 2*i + 41103. Is b composite?
True
Let w(l) = 532*l + 9. Let t(v) = v**3 + 3*v**2 - v - 3. Let h be t(-2). Suppose -4*a = 2*s, h*a = -2*a + 5*s + 15. Is w(a) a composite number?
False
Suppose 2*m - 20 = -3*m + 5*v, -5*m = v + 4. Suppose m = -2*b + 132 + 90. Is 22/((-105)/b - -1) composite?
True
Let u(w) = 70120*w**2 + 14*w + 1. Is u(-3) prime?
True
Let p = 102 + 366. Suppose 0 = 5*n + 3*d - 8410, n - 1192 = -5*d + p. Is n a composite number?
True
Let i be (-2)/23 + 5/(-345)*-489. Suppose -68008 = -15*f + i*f. Is f a prime number?
True
Let a = 172 + -2176. Let t = 1631 - a. Is t a composite number?
True
Suppose -s + 2*w = 4*s - 366, s - 63 = -3*w. Suppose -s*d = -68*d - 22492. Is d composite?
False
Let y = -101 + 126. Suppose 2*v + 4*t + 1080 = 6594, 5*t - y = 0. Is v a prime number?
False
Suppose -w - 72599 = -4*w + 2*x, -3*x = 12. Is w a composite number?
False
Let s = -118 - -123. Is 2 - 0 - s - -1120 composite?
False
Suppose 37*h - 40*h + 9 = 0. Suppose -h*t + 2*t = -5, 4*i - t = -1793. Let q = 1450 + i. Is q a composite number?
True
Let k = -3694 - -6201. Let h = k + 9014. Is h composite?
True
Suppose -36*k + 40*k + 21184 = 0. Let q = k - -7764. Suppose 0 = 13*r - q - 1471. Is r a prime number?
False
Suppose -31*r = -6*r - 571775. Is r a prime number?
True
Let r(n) = -13*n - 71. Let s be r(-5). Is (-2)/(-6) + (-7168)/s a composite number?
True
Suppose 4*z = -3*k + 2528675, -71610 = -5*z - 12*k + 3089275. Is z composite?
True
Suppose 0 = 2*c + 4, -2*u + c - 3062 = -22238. Is u a prime number?
True
Let v be (-23360)/112*7/(-2). Let t = v - -1597. Is t a composite number?
True
Is (-3)/(-9) - (-13646920)/420 a prime number?
False
Suppose -51*a = 57113 - 2332218 - 488738. Is a composite?
False
Suppose -3*p - 323 = -o - 1179, -6 = 2*p. Let g = -236 - o. Is g a prime number?
False
Let t(d) = 38933*d**3 - 2*d**2 + 123*d - 121. Is t(1) composite?
False
Let d(r) = 6255*r + 1064. Is d(17) a composite number?
True
Suppose -165*s + 77*s + 18770312 = 0. Is s composite?
True
Suppose 3*l + 33717 - 2787 = 2*s, 4*s = -5*l + 61816. Is s a prime number?
False
Let k = -83 + 75. Let w(i) = 188*i**2 + 10*i + 7. Is w(k) prime?
True
Suppose 91756 = 11*i - 96927. Is i composite?
True
Suppose -5*w + 4*x = -233075, 100*x - 20 = 96*x. Is w prime?
True
Let q(l) = -1 - 112*l**3 + 10*l**2 - 2*l + 446*l**3 - 8*l**2. Let x be q(1). Is -8 + x - (-1 - 3) a composite number?
True
Suppose 13*l = -5*v + 11*l + 2298949, 11*v = -5*l + 5057686. Is v prime?
True
Let p = -23793 - -63554. Suppose 4*b = s + p, -5*s + 19897 = -5*b + 7*b. Is b a prime number?
True
Let d be 141783 + (-3 - -1)*(-1 - -2). Suppose 15*t - 44*t = -d. Is t a composite number?
False
Let m = 14584 - -3319. Is m a composite number?
False
Let n(t) = t - 5. Let z be n(5). Let d(k) = -k**2 + k + 290. Let q be d(z). Suppose 5*p = 3*p + q. Is p composite?
True
Let f be 7*(30/(-35))/(-2). Suppose f*q = 5*d + 23998, q - 2*d = -1547 + 9548. Is q a prime number?
False
Is 329/(-94)*67182/(-21) composite?
False
Let o(p) = 34*p - 22. Let w(l) = -69*l + 45. Let r(x) = -7*o(x) - 3*w(x). Is r(-18) prime?
True
Is 8/(-160)*-20*2/(-4)*-45478 a composite number?
False
Suppose -5*j + 2*n = -1170717, 0 = -2*j - 4*n + 203406 + 264900. Is j a composite number?
True
Let q = 1002085 - 519702. Is q a prime number?
False
Let d = 257 - 261. Is (2402/4)/(d*2/(-16)) a prime number?
True
Let m = -7 - 20. Let q be ((-16)/(-14))/(((-52)/(-14))/13). Is m/108 - (-453)/q composite?
False
Let y(q) = 9*q**3 + 229*q**2 + 35*q + 140. Is y(-23) composite?
False
Suppose 0*l - 11*l - 11 = 0. Is (l - 0)*8531/(-19) a prime number?
True
Let y(m) = 607*m - 1083. Is y(56) prime?
True
Let s(t) = -32*t**3 + 6*t**2 - t - 7. Let w be s(-5). Suppose -5*i = q - 20, -22*i = -20*i - 6*q - 40. Suppose i*g - w = g. Is g a composite number?
True
Suppose -4*d + k = -k - 338, d = 3*k + 77. Suppose -89*o + d*o = -68559. Is o prime?
True
Let g(u) = -u**3 + 10*u**2 + 11*u + 5. Let a be g(11). Suppose 12*t - 138 = 8970. Suppose -1336 = -a*w + t. Is w a prime number?
True
Is 5711*(7 + 1 + 14 + -9) a composite number?
True
Let p(j) = -2*j**2 - 9*j + 5. Suppose -65 = 11*x - 10. Let z be p(x). Suppose z = 17*h - 16072 - 7422. Is h composite?
True
Suppose 7098027 = 14*a + 1638713. Is a a prime number?
False
Let b(q) be the third derivative of -q**6/120 + 13*q**5/60 + 11*q**4/12 - 37*q**3/6 + 2*q**2 - 25*q. Is b(13) a prime number?
False
Suppose -3*t + 6 = 0, 3*c - 18 + 1 = -4*t. Suppose -c*a = -1 - 2. Suppose i = -4 - a, 4*d + 3*i - 2653 = 0. Is d composite?
True
Let m(l) = -5*l + 130. Let c be m(26). Suppose c = -x + 4*a + 8341, 7*a - 6*a - 1 = 0. Is x prime?
False
Suppose -9*g + 0*g + 27 = 0. Let f(h) = h**2 - 6. Let b be f(g). Is 17256/15 - (b/(-5) + 0) composite?
False
Let r = 451 - 448. Suppose r*z - 9021 - 94 = -c, -6070 = -2*z + c. Is z a prime number?
True
Suppose 0 = -k + 106 + 430. Let y = 383 + k. Is y a prime number?
True
Let i(j) = -2*j**2 - j + 3659. Let z(s) = s**3 - 2*s**2 + 1. Let r be z(1). Is i(r) a prime number?
True
Is ((-452060207)/(-3364))/((-1)/(-4) - 0) a composite number?
False
Suppose 3*a + 0*a - 6 = 0. Let m be (16/(-6))/((-3)/(-18)). Is (-12)/48 - 5242/m*a a prime number?
False
Let l = 83281 - 48440. Is l composite?
False
Suppose 737 + 5943 = 4*b. Let w = 3991 - b. Is w a prime number?
False
Let p(u) = 90741*u**2 - 14*u + 14. Is